f = 7*j - 764, -5*j - 4*f + 955 = r. Is j a composite number?
False
Suppose 11*b - 13345 = -3698. Is b a prime number?
True
Let a(r) = r**2 + r. Let l be a(-2). Is (l/(-4))/(2/(-132)) prime?
False
Suppose 3*k - 8*k - 3*r = -234250, -4*k + r + 187417 = 0. Suppose 47595 = 16*q - k. Is q a composite number?
False
Suppose 2*o - 9235 = -5*n, -4*n + 3*o = -0*n - 7411. Suppose -i - 6539 = -3*b, b - 332 = i + n. Is b a prime number?
True
Is 17381/6 - (-3)/18 composite?
False
Suppose -5*t = z - 2281, 2*t - t + z - 457 = 0. Let v = t - 223. Is v composite?
False
Let u = 23 - 31. Let k(m) = 6*m**3 - 2*m**2 - 4*m + 3. Let y be k(3). Let c = u + y. Is c a prime number?
True
Let i(y) = y**3 - 2*y**2 - y - 2. Let j be i(3). Suppose -3*x - 2*x = 3*z - 16, 2*x - j*z = 22. Suppose 165 = 3*r + 2*r - x*s, 2*r - 5*s - 72 = 0. Is r prime?
True
Let a(d) = -1868*d + 119. Is a(-12) composite?
True
Let q be (-4)/(-1 + 1 + -1). Suppose 0*y = y + q*z - 191, 5*z = 5*y - 905. Is (-1 + -1)*y/(-2) composite?
True
Let h be (-9)/15 - (-46)/10. Suppose h*y = 5*y - 419. Is y composite?
False
Suppose -14*o + 4*o + 50 = 0. Suppose -o*c - 215 = -6*c. Is c composite?
True
Suppose 0 = 2*k + 3*y - 132, -5*k = -4*y - 259 - 71. Suppose -g = -4*o + 42, 2*o - g - 20 = -0*g. Suppose -k = -z + o. Is z a composite number?
True
Suppose 2*i - 4394 = 5*b + 3605, -4*b = 4. Is i a composite number?
True
Suppose 2*p + 2 - 4 = 0. Let c be ((-2)/(-6))/(p/345). Suppose h = -7*u + 2*u + 180, 4*u - 5*h = c. Is u composite?
True
Let j(t) = -18*t**3 + 7*t**2 + 8*t + 6. Is j(-5) a composite number?
True
Let c = 28 + -27. Is ((-8166)/18)/(c/(-3)) a prime number?
True
Suppose 0 = -5*v - 5, -3*v = 5*p - 5*v + 48. Is 2*1*(-3115)/p prime?
False
Let r = 1979 + -1379. Suppose -5*j + k + r = 201, 5*j + 4*k = 379. Is j a prime number?
True
Suppose 0 = -x + 4, b + b + 4*x - 16 = 0. Is 7 + -5 - (-57 - b) prime?
True
Is -1*((-10779)/(-6))/((-4)/8) composite?
False
Let p = -71 + 73. Is 2656/p + -4 + (-8)/4 a prime number?
False
Suppose 0 = -11*c + 4*c + 889. Let d be -21*(-10)/3 - -2. Let z = c - d. Is z composite?
True
Suppose 7*i + 16934 - 70953 = 0. Is i prime?
True
Let u(m) = 3*m + 2 - 1 - 3 - 2*m. Let p be u(3). Is (-282)/(-12)*(p + 1) prime?
True
Suppose 0 = 48*i - 39902 - 5362. Is i a composite number?
True
Let u be 37/(-5) + (48/(-20))/4. Is u/44 - ((-44391)/(-11))/(-3) prime?
False
Let v = 1070 - 307. Is v prime?
False
Suppose -27*w = -4*w - 8993. Is w a prime number?
False
Is (23 + -25)/((-6)/70251) a composite number?
False
Suppose 0 = -90*b - 1629005 + 10372595. Is b a composite number?
False
Let p(k) = -k + 776. Let g be p(0). Suppose 8*i - g = 6*i. Suppose -9*d = -5*d - i. Is d composite?
False
Let u be (58/14 + 1)*7. Suppose 234 - 14 = 4*m. Let y = m - u. Is y a composite number?
False
Suppose -c + 7*d = 4*d - 9744, -2*d + 48771 = 5*c. Is c composite?
True
Suppose -4*j + 24*j - 13780 = 0. Is j a composite number?
True
Let f(b) = b**3 - 7*b**2 - 8*b + 8. Let g be f(8). Let n(v) = 2*v**2 - 12*v + 2. Let k be n(g). Suppose 3*l - k = 188. Is l prime?
False
Let s = 55361 - 20862. Is s a composite number?
False
Let g = 8 - 7. Let d = 4 + g. Suppose 3*m - h - 115 = 3*h, d*m + 3*h = 182. Is m a composite number?
False
Let f(p) = 3*p - 76. Let w be f(22). Is 106/10 - (-6)/w a composite number?
True
Suppose 0 = -6*c - b + 48224, -24134 = -3*c + 5*b - 0*b. Is c a prime number?
False
Suppose 9*q - 40478 - 31873 = 0. Is q composite?
False
Suppose -17310 = -10*s + 7030. Suppose -5*l + f - s + 8796 = 0, -1288 = -l - 5*f. Is l prime?
False
Let c be 4 - ((-3)/(-2))/((-6)/14976). Let w = c - 2381. Is w composite?
False
Let w(c) = 1189*c**2 + 39*c + 103. Is w(-3) prime?
True
Suppose 25 = -2*h + 3*h. Suppose 0 = 3*s - 2*r - h, r + 20 = -s - 4*r. Suppose 0*d - 3*d = 3, s*d = -4*u + 335. Is u a composite number?
True
Suppose 0 = -2*k + 5*t - 8228, k + 1135 + 2973 = t. Let g = -2695 - k. Is g a prime number?
True
Let d(z) = -4*z - 8. Let j be d(-4). Suppose -4*g + j = 32. Let a(m) = -2*m**3 + 7*m**2 - 7. Is a(g) a composite number?
False
Suppose -4*o + 13 + 7 = 0. Suppose h - o*l + 5 = 0, -2*l - 1 = -h - 0*l. Suppose 4*u = -3*f + 1008, -h*f - 976 = -2*u - 2*u. Is u a prime number?
False
Suppose -2*y - 2*y = 0, -4*h + 91748 = -4*y. Is h a prime number?
True
Let t(v) = -43*v**2 + 8*v - 2. Let i(o) = 44*o**2 - 8*o + 1. Let b(g) = 7*i(g) + 6*t(g). Is b(-5) a composite number?
True
Let c(r) be the first derivative of -r**3/3 + 3*r**2 + 6*r - 3. Let x be c(6). Is x/(-15) - 874/(-10) prime?
False
Suppose 2*o = -2*z + 2, 5*o + 0*o = -z + 1. Suppose 4 = u - z. Suppose -5*r - 4*v + 2903 = 0, u*v + 382 = -5*r + 3282. Is r composite?
True
Let u(v) = -102*v - 6. Let p be u(-4). Let i be 6*(2 + (-4)/3). Suppose 2*n - p = -0*n + i*a, -3*n + a = -613. Is n a prime number?
False
Suppose 3*x = 2*x + 531. Let y be x*4/(-36)*-3. Suppose 65 = 2*h - y. Is h a prime number?
False
Suppose 2*k + 0*k + 4*g + 38 = 0, 64 = -4*k - 2*g. Let m be (-17417)/k + (-8)/60. Suppose 2*d = -2*d + 5*o + m, 0 = -3*d + 5*o + 872. Is d composite?
True
Is (1 + -5)*(-2355)/12 prime?
False
Suppose -6093 - 802 = -5*x. Is x prime?
False
Suppose -12*z + 18664 = -8*z. Is z composite?
True
Let k(l) = -421*l + 36. Is k(-13) prime?
False
Let n = 12095 + -6886. Is n prime?
True
Is (-11)/(-55) + (-30282)/(-15) a composite number?
True
Suppose 0 = -2*l + 578 + 478. Suppose 5*o + 4*b - 2 = 532, 5*o - l = 2*b. Is o a composite number?
True
Let j = 558 + 413. Is j prime?
True
Suppose 30*g - 51313 = 55397. Is g a composite number?
False
Let n = 44 - -7. Let r be (32 - 8 - (-2 - 0))*-1. Let m = n + r. Is m prime?
False
Let p be 5/3 - 3/(-9). Let i(g) = -23 - 6*g**2 + 8*g**2 + p*g + 6 + 5*g. Is i(-10) a composite number?
False
Suppose -195732 = -85*t + 49*t. Is t a composite number?
False
Suppose 12*m - 211883 + 22679 = 0. Is m a composite number?
False
Let v(w) = -2002*w - 3. Is v(-5) composite?
False
Suppose w = -3*t + 1, 5 - 25 = 4*w. Suppose t*o - 249 = -v, -4*o = v - 361 - 142. Is o prime?
True
Let q(i) = 15*i - 18. Let m be q(17). Suppose -4*w + m = -1343. Is w a prime number?
False
Suppose -f - 6*i + 2*i = -465, -2265 = -5*f - 5*i. Suppose 0 = -5*s + 2084 - f. Is s prime?
False
Suppose -103683 = -2*w - 5*y + 43454, -220717 = -3*w + 4*y. Is w a composite number?
False
Suppose -k = -3*p - 1716, 0*k - 4*k - 2860 = 5*p. Suppose -2*d = 4*z + 1954, 6*z + 2939 = -3*d + 4*z. Let g = p - d. Is g a prime number?
True
Suppose -5 = -5*w + l, 0*w - l + 11 = 3*w. Let z be (2 - (-2 + w)) + 933. Suppose 3*m = -134 + z. Is m a prime number?
False
Let v = 33 + -61. Is ((-3054)/(-8) + -1)*(-112)/v composite?
False
Let i = 58815 - 20966. Is i composite?
True
Let r(x) = 21*x + 10. Let q be r(18). Is (3*q/(-48))/((-2)/88) a prime number?
False
Let n = 15 - -3. Let s be (6/n)/(1/114). Let b = -19 + s. Is b prime?
True
Let g be (12/(-36))/((-3)/(-108)). Let n(w) = 0 + 4 + w**2 - 5 - 3*w. Is n(g) prime?
True
Let u be 59/(4*3/48). Suppose 4 = w - 4. Suppose -4*z + w*z = u. Is z composite?
False
Let c = 43 - 43. Suppose c = -d + 4*d - 402. Is d prime?
False
Suppose 630 = 5*t - c + 2*c, 4*c = -t + 145. Let o = -82 + t. Is o a prime number?
True
Suppose -48*s + 50*s = 3086. Suppose -2*v + 1540 = 2*a, 2*v = 4*v + 3*a - s. Is v a composite number?
True
Let t = -31567 + 48764. Is t a composite number?
True
Is 4/(6 - 1772838/295479) a composite number?
False
Let z(b) = 39572*b - 289. Is z(4) prime?
True
Let y = 2739 + 3250. Is y prime?
False
Suppose 2*n - 2*a - 2 = 3*n, 0 = -3*n - 5*a - 4. Suppose 2*q = -2*w + 908, -3*q = n*w - 697 - 214. Is w composite?
True
Is 16107/18 - 30/(-180) a composite number?
True
Let g = 8651 + -4804. Is g a composite number?
False
Let i(q) = 9*q**3 - 29*q**2 + 6*q - 17. Let k(v) = 3*v**3 - 10*v**2 + 2*v - 6. Let d(t) = 6*i(t) - 17*k(t). Let c be d(2). Is (-9*c)/(-2) + -1 prime?
True
Let q = -208278 - -300859. Is q composite?
False
Let u(y) = 3*y**3 - 15*y**2 + 13*y + 26. Is u(9) prime?
False
Let s(z) = 20*z**3 - 8*z**2 - 18*z - 16. Let t(b) = -7*b**3 + 3*b**2 + 6*b + 5. Let j(w) = 2*s(w) + 7*t(w). Is j(-4) composite?
True
Let b(h) = -134*h - 11. Suppose -3*p + 12 = 0, p - 29 = 5*r - 0*p. Is b(r) composite?
False
Suppose -20 = -3*n + 16. Suppose 3*y + 5 - 2 = 0, -3*y + n = 5*p. S